 is c(z)?
7
Let r(u) = -7*u - 5 - u**3 - u + 12*u**2 - 5*u**2. Suppose 1 = -4*t + 17. Suppose 32 = t*w + 4*c, 5*c - 3*c = 4*w - 20. Calculate r(w).
-17
Let m(q) = -26*q - 1540 + 772 - 2*q**2 + 770. Determine m(-13).
2
Let c = 78 + -65. Let l(h) = -11*h + 0 + 4 + c*h. Suppose -g + 1 - 6 = 0. Calculate l(g).
-6
Let n(q) be the third derivative of 1/24*q**6 - 25*q**2 - 1/60*q**5 + 0*q**4 + 0*q + 0 + 0*q**3. What is n(-1)?
-6
Let a(w) be the third derivative of 0*w + 14*w**2 + 0 - 7/24*w**4 + 1/120*w**6 + 5/6*w**3 - 1/10*w**5. Determine a(7).
5
Let p(z) = z + 1. Let w(o) = 3*o + 5. Let v(h) = -p(h) + w(h). Suppose 6 + 22 = 7*f. Calculate v(f).
12
Let k(y) = -y. Let q(p) = -p**2 - 3*p - 7. Let g(v) = -3*k(v) - q(v). Suppose 0 = -3*b - 2*h - 7, 20 = 263*h - 258*h. Determine g(b).
2
Suppose 8*r - 4*r - 3*x + 50 = 0, 24 = -2*r + 2*x. Let c(s) = -s**2 - 14*s - 21. What is c(r)?
-21
Let w(p) = -8*p - 440*p**2 + 431*p**2 - 19 - 7*p + p**3 + 7*p. Calculate w(10).
1
Let o(b) be the third derivative of b**4/12 + 25*b**3/6 + 148*b**2. Give o(-9).
7
Let n(k) = k**3 + 4*k**2 + 2*k + 3. Suppose -z = -t, 4*t - 6 = 3*t + 4*z. Let i be (1/t)/((-3)/(-36)). Let h = -10 - i. Calculate n(h).
-5
Let n(o) = 2*o**3 + o**2 - o + 1. Let m = 3 - -2. Suppose -m*s + 10*s = 5. What is n(s)?
3
Let n(y) = -y**3 + y. Let i(h) = h**2 + 3*h - 17. Let c be i(-6). Let f(u) = -5*u**3 + 10*u**2 + 16*u + 2. Let o(s) = c*f(s) - 6*n(s). Give o(-9).
-7
Let v = -2726 + 2737. Let p(c) = c**2 + 3*c**3 - 4*c**3 - 1 - 11*c + 11*c**2. Determine p(v).
-1
Suppose -5*n = -3*n - 8. Let w(u) = 5*u**3 - 6*u**2 - 3*u + 10. Let q(j) = 4*j**3 - 6*j**2 - 3*j + 9. Let m(g) = n*q(g) - 3*w(g). Give m(6).
-12
Let v(y) = -y - 1. Let a be 10/(-4)*2/15*-12. Suppose 0 = 2*r + a*b - 18, b = 5*r - 2*b - 6. Give v(r).
-4
Let u(i) be the third derivative of -i**5/60 - i**3/6 - 3*i**2. Let m(b) = -10*b**2 + 6 + 5 - b + 2*b**3 - 4. Let o be m(5). Give u(o).
-5
Let z(i) be the third derivative of i**6/120 + i**5/15 - i**4/6 - i**3/2 + i**2. Suppose -6*k + 320 = -1084. Suppose -k = 6*s - 210. What is z(s)?
13
Let d(v) be the first derivative of v**5/60 - v**4/4 + v**3/6 + 33*v**2/2 - 4. Let q(g) be the second derivative of d(g). What is q(4)?
-7
Let v(r) = -2*r**2 - 15*r + 5. Suppose 2*j + 22 = 6. Let i be v(j). Let q(l) = 4*l**2 + 4*l. Give q(i).
24
Suppose 23*r - 15*r = -40. Let s(v) = 6*v + 21. Determine s(r).
-9
Let i(x) = 5*x**2 + 9*x. Let p(m) = 8*m**2 + 17*m - 1. Suppose -4*r = -y - r - 2, -4*y - 25 = 5*r. Let d(a) = y*i(a) + 3*p(a). Give d(5).
2
Let a(d) = d**2 - d + 1. Let p(r) = 27*r - 6. Let o be p(5). Suppose 0 = 3*m + 111 + o. Let t be m/25 - 1/(-5). Calculate a(t).
13
Suppose 11*u - 72*u + 183 = 0. Let l(q) = -13*q + 5. Let z(m) = -6*m + 2. Let v(d) = -2*l(d) + 5*z(d). Calculate v(u).
-12
Let z(c) = 4 - 3*c - 1 - 4 + c. Let v(o) be the third derivative of o**5/30 + o**3/6 - 2*o**2. Let f be v(-1). Calculate z(f).
-7
Let s(w) = 2*w**2 + 1. Let y = -137 - -133. Calculate s(y).
33
Suppose 0 = -b + 6*b - 5. Let o be b*(2 + 2)*1. Let g(v) = -v**3 + 6*v**2 - 4*v + 2. Give g(o).
18
Let l be (-1 - -1 - 5)*-1. Let k(a) = -a**2 + 6*a - 5. Give k(l).
0
Let w(g) = -3*g + 2. Let v(y) = 16*y - 11. Let f(b) = v(b) + 5*w(b). Determine f(1).
0
Let x(m) be the third derivative of -m**7/140 + m**6/180 + m**5/120 - m**3/6 + 17*m**2. Let r(l) be the first derivative of x(l). What is r(-1)?
7
Let h = 444 + -450. Let m(q) = -q**3 - 5*q**2 + 6*q. Calculate m(h).
0
Let k = 16 - 19. Let u be 33 - (-1)/k*9. Suppose -g + 6*g = -u. Let y(i) = -i**2 - 8*i - 1. Calculate y(g).
11
Let z(i) = -2*i**2 + 7*i + 4. Let j(k) = -2*k**2 + 6*k + 3. Let o(g) = -5*j(g) + 4*z(g). Let v be o(2). Let s(u) = 3*u + 3. Determine s(v).
18
Let z(c) = 3*c**3 + c**2. Let j(f) = 14*f**3 + 8*f**2 + 4*f - 4. Let q(a) = j(a) - 5*z(a). Let h(y) = -y + 10. Let k be h(7). What is q(k)?
8
Let p = 17 + -12. Let z(c) = -22*c**3 - c**2 + 7*c - 37. Let w(u) = -7*u**3 + 2*u - 12. Let f(m) = 19*w(m) - 6*z(m). Determine f(p).
-1
Let c(y) = -4*y - 5*y - 7*y + 28*y + 13 - 11*y. Determine c(-22).
-9
Let f(u) = 8 + 4*u**2 - 10 - 6*u**3 + 0*u**3 + 1 - 10*u. Let o(c) = -5*c**3 + 3*c**2 - 9*c - 1. Let h(a) = 6*f(a) - 7*o(a). What is h(4)?
-3
Let c(m) = -4*m**3 + 11*m**2 - 13*m - 31. Let l(a) = a**3 - 3*a**2 + 3*a + 7. Let x(b) = 2*c(b) + 9*l(b). Determine x(5).
6
Let g = 1386 - 1401. Let w(x) = 2*x + 8. Calculate w(g).
-22
Suppose 10*y + 4 = 11*y. Let j(z) = z - 2. What is j(y)?
2
Suppose 4*u + w = 1, -3 = u - 5*w + 2. Let t(b) = b**2 + 5*b + 5. Let p(o) = 5 + 0*o**2 + 3*o**2 + 6*o - 2*o**2. Let r(s) = -6*p(s) + 7*t(s). Give r(u).
5
Let q(b) = -b**3 + b**2 - 3*b - 2. Let t be ((-1)/2)/((-5)/30). Calculate q(t).
-29
Let p(i) be the first derivative of 4*i**2 + i - 84. Calculate p(-1).
-7
Let r = 35 + -35. Suppose r = 5*x - 2*q + 5*q + 15, -5*x + 20 = -4*q. Suppose x = -6*g + 11 + 25. Let k(l) = -l**3 + 6*l**2 - 2*l + 2. Determine k(g).
-10
Let f(b) = -8*b**2 + 8*b - 66. Let w(j) = -3*j**2 + 3*j - 22. Let y(m) = -4*f(m) + 11*w(m). What is y(5)?
2
Let n = -36 - -82. Suppose -n = 8*d + 2. Let l(a) = -a + 2. What is l(d)?
8
Let p(h) = -h**2 + 6*h + 8. Let q be (-28)/6*42/(-28). Let x be p(q). Let b(s) = s**2 + 5*s**2 - 5*s**2 - 5*s**2. Calculate b(x).
-4
Let l(g) = 4*g - 56. Suppose -5*t + 17 = 2*s, -5*s + t + 34 = -2*s. Give l(s).
-12
Let v(p) = -p + 5. Let s(d) = 3. Let a(u) = -3*s(u) + v(u). Suppose -7 = -5*q + 13. Suppose -h + 5*h - 20 = 4*x, 2*h = q*x + 10. Determine a(h).
-9
Let j(q) = -2*q**2 - 37*q. Let k(v) = v**2 + 18*v - 1. Let r(c) = -4*j(c) - 9*k(c). Calculate r(-14).
9
Suppose 3*j + 6 = -3*q, -10 = -5*q + 4*j + 16. Let m(t) be the first derivative of -3 - 1/2*t**q + 3*t. Determine m(4).
-1
Let r(h) be the second derivative of h**3/3 - h + 3. Suppose 5*w - 13 = 2*t + 18, 0 = -3*t + 5*w - 49. Let n be 3/6 - t/(-4). Determine r(n).
-8
Let s(o) be the third derivative of o**6/120 - o**4/12 - 11*o**3/6 - 448*o**2. Give s(0).
-11
Let q be ((-6)/(-5))/((-9)/(-15)). Let d(o) = -o**q - o + 0*o**2 + 9 - 3*o + 5*o. Suppose 0 = 2*k - 4*k. Determine d(k).
9
Let l(q) = -q + 4. Let g be (-18)/(-4) - -3*(-12)/(-72). Determine l(g).
-1
Let f(k) = 16*k - 1. Let i(v) be the first derivative of 3*v**2/2 - 3. Let d(a) = 4*f(a) - 22*i(a). Give d(-4).
4
Let b(h) be the second derivative of -h**5/20 + h**3/6 - h**2 + h - 127. Let f(u) = -u**2 - 5*u + 4. Let a be f(-6). Calculate b(a).
4
Let d(k) = 0*k - 91 - 3*k + 7*k + k + 86. Give d(8).
35
Let w(t) = 18*t**2 - t - 7*t**3 + 4 - 19*t**2 - 2*t + 6*t**3. Give w(2).
-14
Let n(d) be the third derivative of -d**6/120 - d**5/20 - d**4/8 - d**3/2 - d**2. Let f be ((-21)/(-35))/((-3)/15). What is n(f)?
6
Let h(t) = 6 + 18*t**2 - 200*t + 225*t - 40 + 4*t**3. Let k(s) = s**3 + 6*s**2 + 8*s - 11. Let m(a) = 2*h(a) - 7*k(a). What is m(7)?
16
Suppose 9 - 25 = 16*y. Let f(m) = -2*m + 4. Give f(y).
6
Let a(m) = -2*m + 3. Let w(n) = -n - 3. Let b be w(-6). Suppose -d - y - 1 = b, 2*d - 2*y = -24. Determine a(d).
19
Let w(j) = -10 - j**3 - 7*j - j - 2*j - 8*j**2. Calculate w(-7).
11
Let h(t) = 6*t**2 - 2*t - 1. Let p be 4 - 1 - -19 - (-6)/(-3). Let k = p + -21. Calculate h(k).
7
Let b = 0 - 4. Let i(y) be the third derivative of y**6/360 + y**5/30 - y**4/12 - y**3/3 + 6*y**2. Let g(a) be the first derivative of i(a). What is g(b)?
-2
Let c(m) = m**3 - 6*m**2 - m + 8. Let w(y) = -2*y - 4 + 0*y + 3*y - 5*y**2 + 5*y. Let v be w(4). Let a be ((-4)/10)/(4/v). Calculate c(a).
2
Suppose -4*a - 3*i + 673 = -6*i, 2*i + 850 = 5*a. Let v = -97 + a. Let x be (4/(-10))/(5/v). Let w(r) = -r - 3. Determine w(x).
3
Let b(j) = j + 3. Let u be b(4). Let t = -168 + 170. Let r(g) = -107*g - 10 + g**2 + 102*g + 0*g**2 + 0*g**t. Give r(u).
4
Let y(f) be the second derivative of f**3/6 + f**2/2 + f. Let q(c) = -c**3 - 5*c**2 - 4*c + 6. Let l be q(-4). Determine y(l).
7
Let j = 1 - -1. Let r(z) = -j - 3*z + 2*z + 0. Let f be 5 + (-944)/120 - (-2)/(-15). Give r(f).
1
Let h(k) = -k**2 - 6*k + 2. Let o be h(-6). Let i(z) = 2 - 5 - 2*z**2 - 1 + 5*z + 0*z**o. Suppose -12*d + 15 = -7*d. Determine i(d).
-7
Let t(b) = -2*b**2 - 8*b + 2. Let j be t(-4). Let d(h) = 5*h**j + 3*h - h**3 - 2*h - 1 - 2*h**2 + 0*h. Calculate d(3).
2
Let x(z) = -z + 2. Let g be (-6)/(-4)*(-92)/69. Calculate x(g).